{"id":366,"date":"2017-06-07T10:37:38","date_gmt":"2017-06-07T08:37:38","guid":{"rendered":"http:\/\/www.chirurgie-hn.de\/klinik\/?page_id=366"},"modified":"2018-02-05T08:28:04","modified_gmt":"2018-02-05T07:28:04","slug":"orthopaedie-unfallchirurgie","status":"publish","type":"page","link":"https:\/\/www.chirurgie-hn.de\/klinik\/schwerpunkte\/orthopaedie-unfallchirurgie\/","title":{"rendered":"Orthop\u00e4die\/Unfallchirurgie"},"content":{"rendered":"<div id='full_slider_1'  class='avia-fullwidth-slider main_color avia-shadow   avia-builder-el-0  el_before_av_heading  avia-builder-el-first   container_wrap fullsize'  ><div  class='avia-slideshow av-av_slideshow_full-4f3ef5c0d0c5e5a45e27d5f99336c2be avia-slideshow-featured av_slideshow_full avia-slide-slider av-slideshow-ui av-control-default av-slideshow-manual av-loop-once av-loop-manual-endless av-default-height-applied   avia-slideshow-1' data-slideshow-options=\"{&quot;animation&quot;:&quot;slide&quot;,&quot;autoplay&quot;:false,&quot;loop_autoplay&quot;:&quot;once&quot;,&quot;interval&quot;:5,&quot;loop_manual&quot;:&quot;manual-endless&quot;,&quot;autoplay_stopper&quot;:false,&quot;noNavigation&quot;:false,&quot;bg_slider&quot;:false,&quot;keep_padding&quot;:false,&quot;hoverpause&quot;:false,&quot;show_slide_delay&quot;:0}\"  itemprop=\"image\" itemscope=\"itemscope\" itemtype=\"https:\/\/schema.org\/ImageObject\" ><ul class='avia-slideshow-inner ' style='padding-bottom: 26.666666666667%;'><li  class='avia-slideshow-slide av-av_slideshow_full-4f3ef5c0d0c5e5a45e27d5f99336c2be__0  av-single-slide slide-1 slide-odd'><div data-rel='slideshow-1' class='avia-slide-wrap '   ><img decoding=\"async\" fetchpriority=\"high\" class=\"wp-image-228 avia-img-lazy-loading-not-228\"  src=\"https:\/\/www.chirurgie-hn.de\/klinik\/wp-content\/uploads\/2016\/11\/klinikleitfaden-heilbronn-neu-1500x400.jpg\" width=\"1500\" height=\"400\" title='Unser Klinikleitfaden' alt='Unser Klinikleitfaden'  itemprop=\"thumbnailUrl\" srcset=\"https:\/\/www.chirurgie-hn.de\/klinik\/wp-content\/uploads\/2016\/11\/klinikleitfaden-heilbronn-neu.jpg 1500w, https:\/\/www.chirurgie-hn.de\/klinik\/wp-content\/uploads\/2016\/11\/klinikleitfaden-heilbronn-neu-300x80.jpg 300w, https:\/\/www.chirurgie-hn.de\/klinik\/wp-content\/uploads\/2016\/11\/klinikleitfaden-heilbronn-neu-768x205.jpg 768w, https:\/\/www.chirurgie-hn.de\/klinik\/wp-content\/uploads\/2016\/11\/klinikleitfaden-heilbronn-neu-1030x275.jpg 1030w, https:\/\/www.chirurgie-hn.de\/klinik\/wp-content\/uploads\/2016\/11\/klinikleitfaden-heilbronn-neu-705x188.jpg 705w, https:\/\/www.chirurgie-hn.de\/klinik\/wp-content\/uploads\/2016\/11\/klinikleitfaden-heilbronn-neu-450x120.jpg 450w\" sizes=\"(max-width: 1500px) 100vw, 1500px\" \/><\/div><\/li><\/ul><\/div><\/div><div id='after_full_slider_1'  class='main_color av_default_container_wrap container_wrap fullsize'  ><div class='container av-section-cont-open' ><div class='template-page content  av-content-full alpha units'><div class='post-entry post-entry-type-page post-entry-366'><div class='entry-content-wrapper clearfix'>\n\n<style type=\"text\/css\" data-created_by=\"avia_inline_auto\" id=\"style-css-av-av_heading-bc991a61a79b4dd28c7eec032aefa3c3\">\n#top .av-special-heading.av-av_heading-bc991a61a79b4dd28c7eec032aefa3c3{\npadding-bottom:10px;\n}\nbody .av-special-heading.av-av_heading-bc991a61a79b4dd28c7eec032aefa3c3 .av-special-heading-tag .heading-char{\nfont-size:25px;\n}\n.av-special-heading.av-av_heading-bc991a61a79b4dd28c7eec032aefa3c3 .av-subheading{\nfont-size:15px;\n}\n<\/style>\n<div  class='av-special-heading av-av_heading-bc991a61a79b4dd28c7eec032aefa3c3 av-special-heading-h1  avia-builder-el-1  el_after_av_slideshow_full  el_before_av_one_half  avia-builder-el-first '><h1 class='av-special-heading-tag '  itemprop=\"headline\"  >Orthop\u00e4die und Unfallchirurgie<\/h1><div class=\"special-heading-border\"><div class=\"special-heading-inner-border\"><\/div><\/div><\/div>\n\n<style type=\"text\/css\" data-created_by=\"avia_inline_auto\" id=\"style-css-av-av_one_half-6126cab7d8fab8d08143dd2dacdf673c\">\n.flex_column.av-av_one_half-6126cab7d8fab8d08143dd2dacdf673c{\nborder-radius:0px 0px 0px 0px;\npadding:0px 0px 0px 0px;\n}\n<\/style>\n<div  class='flex_column av-av_one_half-6126cab7d8fab8d08143dd2dacdf673c av_one_half  avia-builder-el-2  el_after_av_heading  el_before_av_one_half  first flex_column_div av-zero-column-padding  '     ><section  class='av_textblock_section av-av_textblock-0366cc7376be6c9e82a3e9cc8987b64f '   itemscope=\"itemscope\" itemtype=\"https:\/\/schema.org\/CreativeWork\" ><div class='avia_textblock'  itemprop=\"text\" ><p>Unser T\u00e4tigkeitsschwerpunkt liegt in der operativen Behandlung von Erkrankungen des St\u00fctz- und Bewegungsapparates, von akuten Verletzungen im Sport oder Alltag \u00fcber chronische \u00dcberlastungssch\u00e4den an Sehnen oder Gelenken bis hin zu Verschlei\u00dfkrankheiten wie Arthrose<\/p>\n<p>Auf wenigen Schultern verteilt, bieten wir Ihnen eine durchgehend pers\u00f6nliche und individuelle, hochspezialisierte Behandlung in den Bereichen operative Orthop\u00e4die und Traumatologie an.<\/p>\n<\/div><\/section><\/div>\n\n<style type=\"text\/css\" data-created_by=\"avia_inline_auto\" id=\"style-css-av-av_one_half-0aa7055fe62c3622faec82866afbaeb2\">\n.flex_column.av-av_one_half-0aa7055fe62c3622faec82866afbaeb2{\nborder-radius:0px 0px 0px 0px;\npadding:0px 0px 0px 0px;\n}\n<\/style>\n<div  class='flex_column av-av_one_half-0aa7055fe62c3622faec82866afbaeb2 av_one_half  avia-builder-el-4  el_after_av_one_half  el_before_av_hr  flex_column_div av-zero-column-padding  '     ><section  class='av_textblock_section av-av_textblock-0366cc7376be6c9e82a3e9cc8987b64f '   itemscope=\"itemscope\" itemtype=\"https:\/\/schema.org\/CreativeWork\" ><div class='avia_textblock'  itemprop=\"text\" ><p>Unser besonderes Augenmerk und K\u00f6nnen liegt auf der Anwendung von modernen, besonders schonenden Operationstechniken, die bei m\u00f6glichst geringem postoperativen Schmerzen ein bestm\u00f6gliches Behandlungsergebnis erbringen. Die Eingriffe f\u00fchren wir sowohl ambulant wie station\u00e4r durch.<\/p>\n<p><strong><a href=\"\/klinik\/wp-content\/uploads\/2018\/02\/TZG180113O__009V02.pdf\" target=\"_blank\">Download Zeitungsartikel &#8222;Problemfall Schulter&#8220;<\/a><\/strong><\/p>\n<\/div><\/section><\/div>\n<style type=\"text\/css\" data-created_by=\"avia_inline_auto\" id=\"style-css-av-av_hr-1fe6cbc5cb4c638d79cf6cf44c990f4e\">\n#top .hr.av-av_hr-1fe6cbc5cb4c638d79cf6cf44c990f4e{\nmargin-top:10px;\nmargin-bottom:10px;\n}\n.hr.av-av_hr-1fe6cbc5cb4c638d79cf6cf44c990f4e .hr-inner{\nwidth:50px;\n}\n<\/style>\n<div  class='hr av-av_hr-1fe6cbc5cb4c638d79cf6cf44c990f4e hr-custom  avia-builder-el-6  el_after_av_one_half  el_before_av_one_full  hr-center hr-icon-no'><span class='hr-inner inner-border-av-border-none'><span class=\"hr-inner-style\"><\/span><\/span><\/div><\/p>\n\n<style type=\"text\/css\" data-created_by=\"avia_inline_auto\" id=\"style-css-av-av_one_full-6126cab7d8fab8d08143dd2dacdf673c\">\n.flex_column.av-av_one_full-6126cab7d8fab8d08143dd2dacdf673c{\nborder-radius:0px 0px 0px 0px;\npadding:0px 0px 0px 0px;\n}\n<\/style>\n<div  class='flex_column av-av_one_full-6126cab7d8fab8d08143dd2dacdf673c av_one_full  avia-builder-el-7  el_after_av_hr  avia-builder-el-last  first flex_column_div av-zero-column-padding  '     ><div  class='togglecontainer av-av_toggle_container-8e0c6e39d39b619a829887bd54fff3ed  avia-builder-el-8  avia-builder-el-no-sibling  toggle_close_all' >\n<section class='av_toggle_section av-av_toggle-d05368f68b9a10a5efd26cc10bce0403'  itemscope=\"itemscope\" itemtype=\"https:\/\/schema.org\/CreativeWork\" ><div role=\"tablist\" class=\"single_toggle\" data-tags=\"{Alle} \"  ><p id='toggle-toggle-id-1' data-fake-id='#toggle-id-1' class='toggler  av-title-above '  itemprop=\"headline\"  role='tab' tabindex='0' aria-controls='toggle-id-1' data-slide-speed=\"200\" data-title=\"Knieverletzungen\" data-title-open=\"\" data-aria_collapsed=\"Click to expand: Knieverletzungen\" data-aria_expanded=\"Click to collapse: Knieverletzungen\">Knieverletzungen<span class=\"toggle_icon\"><span class=\"vert_icon\"><\/span><span class=\"hor_icon\"><\/span><\/span><\/p><div id='toggle-id-1' aria-labelledby='toggle-toggle-id-1' role='region' class='toggle_wrap  av-title-above'  ><div class='toggle_content invers-color '  itemprop=\"text\" ><p>Knieverletzungen sind mit die h\u00e4ufigsten Gelenkverletzungen und erfordern nach einer umfassenden Diagnostik eine individuell ma\u00dfgeschneiderte Therapie. Ihnen stehen ausgewiesene Knie-Experten zur Verf\u00fcgung, die das gesamte Spektrum sowohl der offenen wie der minimal-invasiven arthroskopischen Kniegelenkschirurgie sicher beherrschen und regelm\u00e4\u00dfig durchf\u00fchren.<\/p>\n<p>Sollten Sie ein akutes Knietrauma erleiden, k\u00f6nnen sie unter <a title=\"E-Mail an Kreuzband@Chirurgie-hn\" href=\"mailto:Kreuzband@Chirurgie-hn.de\">Kreuzband@Chirurgie-hn.de<\/a> einen raschen Termin zur Diagnostik und Beratung erhalten<\/p>\n<\/div><\/div><\/div><\/section>\n<section class='av_toggle_section av-av_toggle-140436df2455d9d645404b6d211cbb12'  itemscope=\"itemscope\" itemtype=\"https:\/\/schema.org\/CreativeWork\" ><div role=\"tablist\" class=\"single_toggle\" data-tags=\"{Alle} \"  ><p id='toggle-toggle-id-2' data-fake-id='#toggle-id-2' class='toggler  av-title-above '  itemprop=\"headline\"  role='tab' tabindex='0' aria-controls='toggle-id-2' data-slide-speed=\"200\" data-title=\"Schultererkrankungen\" data-title-open=\"\" data-aria_collapsed=\"Click to expand: Schultererkrankungen\" data-aria_expanded=\"Click to collapse: Schultererkrankungen\">Schultererkrankungen<span class=\"toggle_icon\"><span class=\"vert_icon\"><\/span><span class=\"hor_icon\"><\/span><\/span><\/p><div id='toggle-id-2' aria-labelledby='toggle-toggle-id-2' role='region' class='toggle_wrap  av-title-above'  ><div class='toggle_content invers-color '  itemprop=\"text\" ><p>Schultererkrankungen sind in vielen F\u00e4llen Verschlei\u00dfph\u00e4nomene, die haupts\u00e4chlich die Sehnen und B\u00e4nder betreffen, sehr viel seltener handelt es sich um Arthrose.\u00a0 In den letzten Jahren hattdie minimal-invasive endoskopische Operationstechnik gro\u00dfen Aufschwung erfahren und bietet heute sehr gute M\u00f6glichkeiten, die oft lange andauernden Schmerzen nach erfolgloser konservativer Therapie zu beseitigen.<\/p>\n<p>Dar\u00fcber hinaus sind Schulterverletzungen h\u00e4ufig beteiligt bei St\u00fcrzen, entweder als B\u00e4nder- oder Sehnenriss oder als Fraktur. Bei akuten Schulterverletzungen k\u00f6nnen Sie unter <a href=\"mailto:SchulterSturz@chirurgie-hn.de\">SchulterSturz@chirurgie-hn.de<\/a> .-HN.de einen raschen Termin zur Diagnostik und Beratung erhalten.<\/p>\n<p>Bei uns werden Sie von \u00e4u\u00dferst erfahrenen Schulterchirurgen behandelt, dies seit Jahren das gesamte Spektrum an operativen M\u00f6glichkeiten regelm\u00e4\u00dfig ausf\u00fchren.<\/p>\n<\/div><\/div><\/div><\/section>\n<section class='av_toggle_section av-av_toggle-1772277532e58ceb6b452ad052179a27'  itemscope=\"itemscope\" itemtype=\"https:\/\/schema.org\/CreativeWork\" ><div role=\"tablist\" class=\"single_toggle\" data-tags=\"{Alle} \"  ><p id='toggle-toggle-id-3' data-fake-id='#toggle-id-3' class='toggler  av-title-above '  itemprop=\"headline\"  role='tab' tabindex='0' aria-controls='toggle-id-3' data-slide-speed=\"200\" data-title=\"Arthrose\" data-title-open=\"\" data-aria_collapsed=\"Click to expand: Arthrose\" data-aria_expanded=\"Click to collapse: Arthrose\">Arthrose<span class=\"toggle_icon\"><span class=\"vert_icon\"><\/span><span class=\"hor_icon\"><\/span><\/span><\/p><div id='toggle-id-3' aria-labelledby='toggle-toggle-id-3' role='region' class='toggle_wrap  av-title-above'  ><div class='toggle_content invers-color '  itemprop=\"text\" ><p>Arthrose ist das Synonym f\u00fcr den degenerativen Gelenkverschlei\u00df, in dessen Mittelpunkt der zunehmende Verlust des Gelenkknorpels steht. Arthrose betrifft vor allem Finger-, Knie- H\u00fcft-und Schultergelenke, kann aber auch viele weitere Gelenke betreffen.<\/p>\n<p>Die Behandlung von Arthrose setzt neben einer ausf\u00fchrlichen Aufkl\u00e4rung und Beratung immer eine stadiengerechte Behandlung voraus, um zur richtigen Zeit die richtige Ma\u00dfnahme durchzuf\u00fchren.<\/p>\n<p>Unser Leitbild in der Arthrosetherapie ist zun\u00e4chst immer das Aussch\u00f6pfen der konservativen Ma\u00dfnahmen, um zum richtigen Zeitpunkt die angemessene operative Therapie einsetzen zu k\u00f6nnen. Wir bieten das gesamte Spektrum der operativen Therapie von einfachen arthroskopischen Ma\u00dfnahmen \u00fcber gelenkerhaltende korrigierende Eingriffe bis hin zum Gelenkersatz mittels Gelenkprothese an.<\/p>\n<p>M\u00f6chten Sie diesen Weg mit uns gehen, bitten wir Sie um Terminvereinbarung unter <a href=\"mailto:arthrose@chirurgie-hn.de\">arthrose@chirurgie-hn.de<\/a> oder telefonisch.<\/p>\n<\/div><\/div><\/div><\/section>\n<section class='av_toggle_section av-av_toggle-4d4649f9eed3ac604c6877f5890404e8'  itemscope=\"itemscope\" itemtype=\"https:\/\/schema.org\/CreativeWork\" ><div role=\"tablist\" class=\"single_toggle\" data-tags=\"{Alle} \"  ><p id='toggle-toggle-id-4' data-fake-id='#toggle-id-4' class='toggler  av-title-above '  itemprop=\"headline\"  role='tab' tabindex='0' aria-controls='toggle-id-4' data-slide-speed=\"200\" data-title=\"Sportunf\u00e4lle\" data-title-open=\"\" data-aria_collapsed=\"Click to expand: Sportunf\u00e4lle\" data-aria_expanded=\"Click to collapse: Sportunf\u00e4lle\">Sportunf\u00e4lle<span class=\"toggle_icon\"><span class=\"vert_icon\"><\/span><span class=\"hor_icon\"><\/span><\/span><\/p><div id='toggle-id-4' aria-labelledby='toggle-toggle-id-4' role='region' class='toggle_wrap  av-title-above'  ><div class='toggle_content invers-color '  itemprop=\"text\" ><p>Sporttreiben ist ein wesentlicher Baustein zur Erhaltung der Gesundheit und h\u00e4ufig ein wichtiger Bestandteil in der Therapie. Leider hat auch das Sporttreiben Nebenwirkung &#8211; in Form von Unf\u00e4llen.<\/p>\n<p>Als Fach\u00e4rzte mit der Zusatzbezeichnung Sportmedizin haben wir einen erweiterten Horizont f\u00fcr Sportverletzungen, sind aufgrund unserer operativen Kompetenz in der Lage, nahezu alle Sportverletzungen erfolgreich zu behandeln.<\/p>\n<p>Wenn sie sich unter <a href=\"mailto:sportverletzung@chirurgie-hn.de\">sportverletzung@chirurgie-hn.de<\/a> an uns wenden und uns wenige Angaben zum Unfallhergang und zum Unfallzeitpunkt machen, werden wir Ihnen baldm\u00f6glichst einen Termin erm\u00f6glichen.<\/p>\n<\/div><\/div><\/div><\/section>\n<section class='av_toggle_section av-av_toggle-ba9379038e3684501adeca99aa65b587'  itemscope=\"itemscope\" itemtype=\"https:\/\/schema.org\/CreativeWork\" ><div role=\"tablist\" class=\"single_toggle\" data-tags=\"{Alle} \"  ><p id='toggle-toggle-id-5' data-fake-id='#toggle-id-5' class='toggler  av-title-above '  itemprop=\"headline\"  role='tab' tabindex='0' aria-controls='toggle-id-5' data-slide-speed=\"200\" data-title=\"Handchirurgie\" data-title-open=\"\" data-aria_collapsed=\"Click to expand: Handchirurgie\" data-aria_expanded=\"Click to collapse: Handchirurgie\">Handchirurgie<span class=\"toggle_icon\"><span class=\"vert_icon\"><\/span><span class=\"hor_icon\"><\/span><\/span><\/p><div id='toggle-id-5' aria-labelledby='toggle-toggle-id-5' role='region' class='toggle_wrap  av-title-above'  ><div class='toggle_content invers-color '  itemprop=\"text\" ><p>unserer Behandlung Spektrum auf dem Gebiet der Handchirurgie umfasst insbesondere akute Verletzungen, Erkrankungen der Sehnen sowie Nerven Engpasssyndrome wie das Karpaltunnelsyndrom<\/p>\n<\/div><\/div><\/div><\/section>\n<section class='av_toggle_section av-av_toggle-5742bdfd1e8eca237ad805575180b76b'  itemscope=\"itemscope\" itemtype=\"https:\/\/schema.org\/CreativeWork\" ><div role=\"tablist\" class=\"single_toggle\" data-tags=\"{Alle} \"  ><p id='toggle-toggle-id-6' data-fake-id='#toggle-id-6' class='toggler  av-title-above '  itemprop=\"headline\"  role='tab' tabindex='0' aria-controls='toggle-id-6' data-slide-speed=\"200\" data-title=\"Fu\u00dfchirurgie\" data-title-open=\"\" data-aria_collapsed=\"Click to expand: Fu\u00dfchirurgie\" data-aria_expanded=\"Click to collapse: Fu\u00dfchirurgie\">Fu\u00dfchirurgie<span class=\"toggle_icon\"><span class=\"vert_icon\"><\/span><span class=\"hor_icon\"><\/span><\/span><\/p><div id='toggle-id-6' aria-labelledby='toggle-toggle-id-6' role='region' class='toggle_wrap  av-title-above'  ><div class='toggle_content invers-color '  itemprop=\"text\" ><\/div><\/div><\/div><\/section>\n<section class='av_toggle_section av-av_toggle-8bdf620992574fece6a860bdbd0a9c91'  itemscope=\"itemscope\" itemtype=\"https:\/\/schema.org\/CreativeWork\" ><div role=\"tablist\" class=\"single_toggle\" data-tags=\"{Alle} \"  ><p id='toggle-toggle-id-7' data-fake-id='#toggle-id-7' class='toggler  av-title-above '  itemprop=\"headline\"  role='tab' tabindex='0' aria-controls='toggle-id-7' data-slide-speed=\"200\" data-title=\"Knochenbr\u00fcche\" data-title-open=\"\" data-aria_collapsed=\"Click to expand: Knochenbr\u00fcche\" data-aria_expanded=\"Click to collapse: Knochenbr\u00fcche\">Knochenbr\u00fcche<span class=\"toggle_icon\"><span class=\"vert_icon\"><\/span><span class=\"hor_icon\"><\/span><\/span><\/p><div id='toggle-id-7' aria-labelledby='toggle-toggle-id-7' role='region' class='toggle_wrap  av-title-above'  ><div class='toggle_content invers-color '  itemprop=\"text\" ><\/div><\/div><\/div><\/section>\n<\/div><\/div>\n","protected":false},"excerpt":{"rendered":"","protected":false},"author":1,"featured_media":0,"parent":240,"menu_order":0,"comment_status":"closed","ping_status":"closed","template":"","meta":{"footnotes":""},"class_list":["post-366","page","type-page","status-publish","hentry"],"yoast_head":"<!-- This site is optimized with the Yoast SEO plugin v25.3.1 - https:\/\/yoast.com\/wordpress\/plugins\/seo\/ -->\n<title>Orthop\u00e4die\/Unfallchirurgie - Klinik am Rathenauplatz<\/title>\n<meta name=\"robots\" content=\"index, follow, max-snippet:-1, max-image-preview:large, max-video-preview:-1\" \/>\n<link rel=\"canonical\" href=\"https:\/\/www.chirurgie-hn.de\/klinik\/schwerpunkte\/orthopaedie-unfallchirurgie\/\" \/>\n<meta property=\"og:locale\" content=\"de_DE\" \/>\n<meta property=\"og:type\" content=\"article\" \/>\n<meta property=\"og:title\" content=\"Orthop\u00e4die\/Unfallchirurgie - Klinik am Rathenauplatz\" \/>\n<meta property=\"og:url\" content=\"https:\/\/www.chirurgie-hn.de\/klinik\/schwerpunkte\/orthopaedie-unfallchirurgie\/\" \/>\n<meta property=\"og:site_name\" content=\"Klinik am Rathenauplatz\" \/>\n<meta property=\"article:modified_time\" content=\"2018-02-05T07:28:04+00:00\" \/>\n<meta name=\"twitter:card\" content=\"summary_large_image\" \/>\n<meta name=\"twitter:label1\" content=\"Gesch\u00e4tzte Lesezeit\" \/>\n\t<meta name=\"twitter:data1\" content=\"5\u00a0Minuten\" \/>\n<script type=\"application\/ld+json\" class=\"yoast-schema-graph\">{\"@context\":\"https:\/\/schema.org\",\"@graph\":[{\"@type\":\"WebPage\",\"@id\":\"https:\/\/www.chirurgie-hn.de\/klinik\/schwerpunkte\/orthopaedie-unfallchirurgie\/\",\"url\":\"https:\/\/www.chirurgie-hn.de\/klinik\/schwerpunkte\/orthopaedie-unfallchirurgie\/\",\"name\":\"Orthop\u00e4die\/Unfallchirurgie - Klinik am Rathenauplatz\",\"isPartOf\":{\"@id\":\"https:\/\/www.chirurgie-hn.de\/klinik\/#website\"},\"datePublished\":\"2017-06-07T08:37:38+00:00\",\"dateModified\":\"2018-02-05T07:28:04+00:00\",\"breadcrumb\":{\"@id\":\"https:\/\/www.chirurgie-hn.de\/klinik\/schwerpunkte\/orthopaedie-unfallchirurgie\/#breadcrumb\"},\"inLanguage\":\"de\",\"potentialAction\":[{\"@type\":\"ReadAction\",\"target\":[\"https:\/\/www.chirurgie-hn.de\/klinik\/schwerpunkte\/orthopaedie-unfallchirurgie\/\"]}]},{\"@type\":\"BreadcrumbList\",\"@id\":\"https:\/\/www.chirurgie-hn.de\/klinik\/schwerpunkte\/orthopaedie-unfallchirurgie\/#breadcrumb\",\"itemListElement\":[{\"@type\":\"ListItem\",\"position\":1,\"name\":\"Startseite\",\"item\":\"https:\/\/www.chirurgie-hn.de\/klinik\/die-klinik\/\"},{\"@type\":\"ListItem\",\"position\":2,\"name\":\"Schwerpunkte\",\"item\":\"https:\/\/www.chirurgie-hn.de\/klinik\/schwerpunkte\/\"},{\"@type\":\"ListItem\",\"position\":3,\"name\":\"Orthop\u00e4die\/Unfallchirurgie\"}]},{\"@type\":\"WebSite\",\"@id\":\"https:\/\/www.chirurgie-hn.de\/klinik\/#website\",\"url\":\"https:\/\/www.chirurgie-hn.de\/klinik\/\",\"name\":\"Klinik am Rathenauplatz\",\"description\":\"\",\"potentialAction\":[{\"@type\":\"SearchAction\",\"target\":{\"@type\":\"EntryPoint\",\"urlTemplate\":\"https:\/\/www.chirurgie-hn.de\/klinik\/?s={search_term_string}\"},\"query-input\":{\"@type\":\"PropertyValueSpecification\",\"valueRequired\":true,\"valueName\":\"search_term_string\"}}],\"inLanguage\":\"de\"}]}<\/script>\n<!-- \/ Yoast SEO plugin. -->","yoast_head_json":{"title":"Orthop\u00e4die\/Unfallchirurgie - Klinik am Rathenauplatz","robots":{"index":"index","follow":"follow","max-snippet":"max-snippet:-1","max-image-preview":"max-image-preview:large","max-video-preview":"max-video-preview:-1"},"canonical":"https:\/\/www.chirurgie-hn.de\/klinik\/schwerpunkte\/orthopaedie-unfallchirurgie\/","og_locale":"de_DE","og_type":"article","og_title":"Orthop\u00e4die\/Unfallchirurgie - Klinik am Rathenauplatz","og_url":"https:\/\/www.chirurgie-hn.de\/klinik\/schwerpunkte\/orthopaedie-unfallchirurgie\/","og_site_name":"Klinik am Rathenauplatz","article_modified_time":"2018-02-05T07:28:04+00:00","twitter_card":"summary_large_image","twitter_misc":{"Gesch\u00e4tzte Lesezeit":"5\u00a0Minuten"},"schema":{"@context":"https:\/\/schema.org","@graph":[{"@type":"WebPage","@id":"https:\/\/www.chirurgie-hn.de\/klinik\/schwerpunkte\/orthopaedie-unfallchirurgie\/","url":"https:\/\/www.chirurgie-hn.de\/klinik\/schwerpunkte\/orthopaedie-unfallchirurgie\/","name":"Orthop\u00e4die\/Unfallchirurgie - Klinik am Rathenauplatz","isPartOf":{"@id":"https:\/\/www.chirurgie-hn.de\/klinik\/#website"},"datePublished":"2017-06-07T08:37:38+00:00","dateModified":"2018-02-05T07:28:04+00:00","breadcrumb":{"@id":"https:\/\/www.chirurgie-hn.de\/klinik\/schwerpunkte\/orthopaedie-unfallchirurgie\/#breadcrumb"},"inLanguage":"de","potentialAction":[{"@type":"ReadAction","target":["https:\/\/www.chirurgie-hn.de\/klinik\/schwerpunkte\/orthopaedie-unfallchirurgie\/"]}]},{"@type":"BreadcrumbList","@id":"https:\/\/www.chirurgie-hn.de\/klinik\/schwerpunkte\/orthopaedie-unfallchirurgie\/#breadcrumb","itemListElement":[{"@type":"ListItem","position":1,"name":"Startseite","item":"https:\/\/www.chirurgie-hn.de\/klinik\/die-klinik\/"},{"@type":"ListItem","position":2,"name":"Schwerpunkte","item":"https:\/\/www.chirurgie-hn.de\/klinik\/schwerpunkte\/"},{"@type":"ListItem","position":3,"name":"Orthop\u00e4die\/Unfallchirurgie"}]},{"@type":"WebSite","@id":"https:\/\/www.chirurgie-hn.de\/klinik\/#website","url":"https:\/\/www.chirurgie-hn.de\/klinik\/","name":"Klinik am Rathenauplatz","description":"","potentialAction":[{"@type":"SearchAction","target":{"@type":"EntryPoint","urlTemplate":"https:\/\/www.chirurgie-hn.de\/klinik\/?s={search_term_string}"},"query-input":{"@type":"PropertyValueSpecification","valueRequired":true,"valueName":"search_term_string"}}],"inLanguage":"de"}]}},"_links":{"self":[{"href":"https:\/\/www.chirurgie-hn.de\/klinik\/wp-json\/wp\/v2\/pages\/366","targetHints":{"allow":["GET"]}}],"collection":[{"href":"https:\/\/www.chirurgie-hn.de\/klinik\/wp-json\/wp\/v2\/pages"}],"about":[{"href":"https:\/\/www.chirurgie-hn.de\/klinik\/wp-json\/wp\/v2\/types\/page"}],"author":[{"embeddable":true,"href":"https:\/\/www.chirurgie-hn.de\/klinik\/wp-json\/wp\/v2\/users\/1"}],"replies":[{"embeddable":true,"href":"https:\/\/www.chirurgie-hn.de\/klinik\/wp-json\/wp\/v2\/comments?post=366"}],"version-history":[{"count":28,"href":"https:\/\/www.chirurgie-hn.de\/klinik\/wp-json\/wp\/v2\/pages\/366\/revisions"}],"predecessor-version":[{"id":683,"href":"https:\/\/www.chirurgie-hn.de\/klinik\/wp-json\/wp\/v2\/pages\/366\/revisions\/683"}],"up":[{"embeddable":true,"href":"https:\/\/www.chirurgie-hn.de\/klinik\/wp-json\/wp\/v2\/pages\/240"}],"wp:attachment":[{"href":"https:\/\/www.chirurgie-hn.de\/klinik\/wp-json\/wp\/v2\/media?parent=366"}],"curies":[{"name":"wp","href":"https:\/\/api.w.org\/{rel}","templated":true}]}}